are the prime factors of c?
5, 7
Suppose 5*n = 3*g + 308 - 4994, -3*g + 4686 = 4*n. Suppose d - 3*b = g, -1996 + 438 = -d + 5*b. What are the prime factors of d?
2, 7
Suppose -8*r = -413771 - 429966 + 305097. List the prime factors of r.
2, 5, 6733
Let f(t) = 1073*t - 956. List the prime factors of f(8).
2, 1907
Suppose -a + 3*d + 15 = 0, -4*a = 174*d - 169*d + 8. Let b = -3 + 6. Suppose -n - 3 = -a*o - 4, 0 = -3*n + b*o + 27. What are the prime factors of n?
13
Let c(w) = w + 1. Let k be c(9). Let z = 14 - k. Suppose 475 = 3*u - 5*n, -z*u + 5*n + 243 = -392. What are the prime factors of u?
2, 5
Let z(p) = 3*p**3 - 83*p**2 + 32*p + 25. What are the prime factors of z(28)?
5, 11, 31
Let w = 316 + -363. What are the prime factors of 591*3*w/(-141)?
3, 197
Suppose 0 = 23*z - 15*z + 2680. Let g = -163 - z. List the prime factors of g.
2, 43
Suppose 5*o + 585 = -c + 4*c, -2*o = 4*c + 208. Let t = o - -254. List the prime factors of t.
2, 5, 7
Let v(c) = c**2 - 3*c - 3. Let n be v(3). Let y be 70 - (-6 - (-5 - n)). Suppose 3*t - 207 = q + 3*q, y = t - 3*q. List the prime factors of t.
5, 13
Let n = -453 - -446. List the prime factors of (-20)/35 + (-5716)/n.
2, 3, 17
Suppose -20*a + 112057 = -50*a + 1285597. List the prime factors of a.
2, 19559
Let a be (-52)/(3 - -1) + 5. Let d(k) = 7*k**2 + 31*k - 4. What are the prime factors of d(a)?
2, 7
Let j be (-8)/28 + (-19)/7 + 8. Let p be (4/j)/((-20)/250). List the prime factors of 848/p*-5*2/4.
2, 53
Let w(j) = -121*j**3 - 7*j**2 + 28*j + 9. What are the prime factors of w(-6)?
3, 5, 7
Let s = 227 - 217. Suppose s*j - 590 = 1030. What are the prime factors of j?
2, 3
Suppose 2*t - 16 = -4*p, 10 - 32 = -4*t - 3*p. Suppose 27*d - 28*d - 1895 = -5*g, 5*d = t*g - 1495. List the prime factors of g.
2, 5, 19
Let y(r) = 32*r**2 + 70*r - 40. What are the prime factors of y(18)?
2, 2897
Let v(j) be the third derivative of -5*j**4/4 - 4*j**3/3 + 13*j**2. Suppose 6*t + 2 = -s + 7*t, 3*t = 4*s + 8. List the prime factors of v(s).
2, 13
Let k(u) = u**2 - 62*u - 2366. List the prime factors of k(-30).
2, 197
What are the prime factors of 1213 - ((-7 - (-1 - 7)) + 5)?
17, 71
Let w = 3822 - 169. What are the prime factors of w?
13, 281
Let a = -29998 + 68637. Suppose -7736 = -25*j + a. List the prime factors of j.
5, 7, 53
Suppose -13327 = -14*w - 5*c + 54319, 2*w = 5*c + 9698. List the prime factors of w.
2, 2417
Suppose 303272 = 4*c - 3*p, -4*c + 295344 + 7960 = p. What are the prime factors of c?
2, 7, 677
Let x(s) be the third derivative of -7*s**4/8 - s**3/3 - 11*s**2. Let l(h) = -7*h - 1. Let y(k) = 17*l(k) - 6*x(k). List the prime factors of y(10).
5, 13
Let p be (-14)/(-1) - (-3 - (-14)/2). Let m be -31 + -12 - (p - 1)/3. Let z = m - -164. List the prime factors of z.
2, 59
Let s be -2 - -43 - (-11 - -14). What are the prime factors of (56/(-24))/(2 + s/(-12))?
2
Suppose 0 = 24*b - 1694 - 3010. Let i = b - -674. What are the prime factors of i?
2, 3, 5, 29
Let o(g) be the third derivative of -g**5/20 + 7*g**4/8 + 2*g**3 - 33*g**2. Suppose -16 = 5*z - 51. List the prime factors of o(z).
2, 3
Let j(s) = -15*s + 310. Let c be j(16). Suppose -t - 3*m = -9, -m + 13 = -69*t + c*t. List the prime factors of t.
3, 5
Suppose -n = 2*d - 18, n - 12 = 3*d - 29. What are the prime factors of d/(21/9) - -427 - -1?
431
Suppose -6*b = -5*b - 5*a - 4954, 4*b = 4*a + 19768. List the prime factors of b.
11, 449
Let o(d) = -731*d**3 + 3*d**2 - 27*d - 64. What are the prime factors of o(-2)?
2, 3, 5, 13
Let t(j) = -108*j - 46. Suppose -6*a = -3*a + 2*h + 15, 5*h = -5*a - 25. List the prime factors of t(a).
2, 13, 19
Let i = 38 + -15. Let s = i + -65. Let r = s + 126. What are the prime factors of r?
2, 3, 7
Let z be (-6)/(-9) - 58/6. Let s(r) = 4*r + 61. Let f be s(-9). Let x = z + f. What are the prime factors of x?
2
Let s be (-18)/18 - 336/3*-1. Suppose 5*u = -2*v - 0 - 12, 0 = -3*v + 2*u + 20. Suppose -v*x = -899 + s. List the prime factors of x.
197
Let p be (-264)/(-99)*9/12*1. Let w be (-20)/6*12/(-8). Suppose -p*f = w*t + f - 441, t - 2*f = 83. What are the prime factors of t?
3, 29
Let x be -24 - -53 - (4 - -2). Let s(m) = 44*m - 181. List the prime factors of s(x).
3, 277
Suppose 2*u + 10 = 2*g - g, -u + 40 = 4*g. Let h = 4259 - 4255. Suppose -h*a - 1422 = -g*a. What are the prime factors of a?
3, 79
Let q(u) = -u**3 + 13*u**2 - 12*u + 9. Let k be q(12). Let f = k - -6. Let b(p) = 5*p + 43. What are the prime factors of b(f)?
2, 59
Let g be 1 + 1 + 11 + -6 + 5. Suppose -4*r = -12, k - 3*r - 122 = -g. What are the prime factors of k?
7, 17
Suppose -o + 11233 = 4*n, 68*o - 73*o = -5*n - 56240. What are the prime factors of o?
5, 13, 173
Let v(w) be the first derivative of w**4/4 - 10*w**3/3 - 10*w**2 - 12*w + 49. What are the prime factors of v(15)?
3, 271
Let c(m) = -m**2 + 17*m + 5. Let y be c(17). Suppose y*d + 0*d - 950 = 0. Suppose 180 = 2*l - d. List the prime factors of l.
5, 37
Let b = 3010 + -709. Suppose 17*c - b = 4*c. Suppose 4*d - 7*d = -c. What are the prime factors of d?
59
Suppose -3*l - 8846 = -2*m, 2*m + 890 = -4*l + 9764. What are the prime factors of m?
43, 103
Let c be 759/(-9) - 3/(-7 + -2). Let a = -70 - c. Suppose 4*g + 1860 = a*g. What are the prime factors of g?
2, 3, 31
Suppose 0 = -13*u + 11*u - 256. Let j = -79 - u. List the prime factors of j.
7
Let i(f) = f**2 - 8*f - 32. Let p(t) = -t**3 + 11*t**2 - t - 8. Let d be p(10). Let g = d - 64. List the prime factors of i(g).
2, 37
Suppose -1927 + 203 = -4*h. Let d = -181 + h. What are the prime factors of d?
2, 5
Let x = 13485 + -48779. List the prime factors of (13 - x/(-28))*8/(-10).
2, 499
Let m(i) = 2*i - 19. Let f be m(16). Let c be 3 + 0 - (f - 15). Suppose 5*q = 2*t + 313 + 225, c*q - 545 = -5*t. What are the prime factors of q?
2, 3
Let n = 22 - 18. Suppose a - 326 = -5*q, 0*a - 1334 = -n*a - 5*q. Suppose -5*y - 440 = 2*f - 7*f, -4*f = 4*y - a. List the prime factors of f.
2, 43
Suppose -d + 3*x = -4, 2*d = -3*x + 2*x - 27. Let o = d - -10. Let r(y) = -96*y**3 - y. What are the prime factors of r(o)?
97
Let p(s) be the first derivative of -2*s**7/105 + s**6/90 + s**5/40 + 6*s**3 + 9. Let m(f) be the third derivative of p(f). What are the prime factors of m(-2)?
2, 3, 23
Let w = -44300 - -80495. What are the prime factors of w?
3, 5, 19, 127
Suppose 2*b + 4 = -a - 3*b, 2 = -2*b. Let r(p) = -129*p**2 + 5*p - 4. Let g be r(a). Let y = -44 - g. List the prime factors of y.
2, 3, 7
Let g be ((-12012)/110)/(3/(-15) + 0). Let q = g - 244. What are the prime factors of q?
2, 151
Suppose 0 = 14*y - 46 - 584. Let h = y + 226. What are the prime factors of h?
271
Let i(a) = -34*a**3 - 5*a**2 - 4*a - 1. Let p = 240 - 243. What are the prime factors of i(p)?
2, 13, 17
Let d(m) = 150*m + 48. Let q be d(10). Suppose -60*i - q = -63*i. List the prime factors of i.
2, 3, 43
Let t(j) = 1498*j - 8457. What are the prime factors of t(45)?
3, 43, 457
Let m = 8653 - 4811. What are the prime factors of m?
2, 17, 113
Suppose -2*s = -8 - 2, -3*b + s = 8. Let h be -6 + -3 + -1 + 4 + b. Let f(a) = -a**3 - 4*a**2 + 10*a + 12. List the prime factors of f(h).
89
Let h = 80 + 2787. What are the prime factors of h?
47, 61
Let y(j) = j**2. Let b(k) = 290*k**2 - 7*k + 4. Let h(u) = b(u) + 2*y(u). List the prime factors of h(2).
2, 3, 193
What are the prime factors of ((-275114)/2107)/((-2)/98)?
2, 7, 457
Suppose 4*a + b = a + 12, 2*a = 2*b. Let x(q) = 92*q**2 + 18*q. What are the prime factors of x(a)?
2, 3, 7
Let g be -34 - -236 - 3/9*0. Suppose g = -y + 717. What are the prime factors of y?
5, 103
Let q = -3379 + 13648. What are the prime factors of q?
3, 7, 163
Let s(o) = -2*o**3 - 2*o**2 - 14*o. Let a be s(5). Let m = a - -699. List the prime factors of m.
7, 47
Let w = -1880 - -3769. What are the prime factors of w?
1889
Suppose 90*k - 15*k - 865950 = 0. List the prime factors of k.
2, 23, 251
Let a = -969 + 657. Let u be a/(-21) + (-3)/(-21). What are the prime factors of ((-1)/1)/((u/5)/(-309))?
103
Let r = -656 - 441. Let l = 1847 + r. What are the prime factors of l?
2, 3, 5
Let s = -15210 - -16290. What are the prime factors of s?
2, 3, 5
Let t(m) be the first derivative of -3*m**2 + 2*m + 5823. Suppose -4*o = -53 + 125. List the prime factors of t(o).
2, 5